948 + 10. Calculate the highest common factor of 126 and z.
126
Let b = 5327 + -5307. Calculate the greatest common divisor of 4610 and b.
10
Let g = 6538 - 6506. What is the greatest common factor of g and 1432?
8
Let m = -16 + 35. Let z be (-5 + 13 - (0 - -4)) + 1. Suppose 12*o - 399 = z*o. What is the highest common divisor of m and o?
19
Suppose 15*c = 11*c + 3*t + 26, 0 = -3*t + 6. Calculate the greatest common factor of c and 1048.
8
Suppose 176*r - 9873 - 204495 = 0. Calculate the highest common divisor of r and 261.
87
Let q be (-7)/((-14)/1020) + -29*(-22)/319. What is the highest common divisor of q and 520?
8
Let f(t) be the first derivative of -t**4 - 3*t + 8. Let n be f(2). Let p be 7*(4 - 310/n). What is the greatest common divisor of p and 60?
30
Let t = -178 + 152. Let y be (-30)/t - 1 - 1503/(-117). Let x(q) = q**3 + 5*q**2 - 3*q - 2. Let p be x(-4). What is the highest common factor of p and y?
13
Let h(c) = c**2 + 7*c + 195. Let l be h(26). Calculate the highest common factor of 39 and l.
39
Suppose -2*k + 31 = 15, 0 = 3*z + k - 80. What is the greatest common factor of 3714 and z?
6
Suppose -6386 = -5*w + 4*g, -2*w + 4*g + 2554 = 2*g. What is the highest common divisor of w and 18?
18
Suppose 44 = -37*u + 38*u. Suppose -q = r - 17, -4*r + 6*q + u = 2*q. Let v be r/63 - (1580/(-18))/1. Calculate the highest common factor of v and 22.
22
Suppose -g + 291 = 4*z, -7*g = -3*g - 12. What is the highest common divisor of 6174 and z?
18
Let x = 547 + -463. What is the highest common factor of x and 987?
21
Suppose 9 = -15*t + 24. Let s(y) = 56*y**3 + 2*y**2 - 5*y + 3. Let m be s(t). Calculate the greatest common divisor of m and 12.
4
Let q = 4230 + -3718. Calculate the highest common divisor of q and 128.
128
Suppose p - 6*p = 3*r - 643, 5*p - 864 = -4*r. Suppose 0 = -304*w - 2428 + 18236. Calculate the greatest common factor of r and w.
13
Let n be 2 - (0 - 10/(-2))*2. Let j be (-1 - 297/6) + (-4)/n. Let q = j + 52. What is the greatest common factor of 10 and q?
2
Let q(v) = 6*v**3 - v**2 - 53*v + 236. Let i be q(6). What is the highest common factor of 434 and i?
62
Suppose 24*h - 1888 = 344. Let q(u) = 2*u**2 + 19*u + 33. Let g be q(-2). What is the greatest common divisor of h and g?
3
Let n(t) = 2*t**2 - 8*t + 26. Let b be n(8). Let g(r) = 2*r**2 + r - 6. Let d be g(6). What is the greatest common factor of d and b?
18
Let d be -2 - (-1100)/(9 - 4). Let o be d/6 - 1/3. Let v = -1 - -5. What is the greatest common factor of o and v?
4
Let y(o) = 23*o**3 + 4 - 22*o**3 + 2. Let v be y(0). Suppose -5*r + v*r - 10 = 0. What is the highest common divisor of r and 80?
10
Let i(p) = 2*p**2 - 508*p + 2044. Let d be i(4). Suppose 2*j - 6*j = 2*l - 412, 3*l - 3*j = 582. What is the greatest common divisor of l and d?
22
Let b = 96 - 134. Let u = b + 41. Suppose 4*d + 608 = 5*v, u*d + 486 = v + 3*v. What is the highest common divisor of v and 24?
24
Suppose 5*i - 11 = 5*y - 66, y + 4*i - 36 = 0. What is the highest common factor of 144 and y?
16
Let q = -209 - -473. Calculate the highest common divisor of 1947 and q.
33
Suppose -30 = 29*t - 44*t. Let n(w) = 73*w**2 + 14*w - 2. Let p be n(t). What is the highest common divisor of p and 6?
6
Suppose 99 = 4*v - 3*w, 12*w - 15 = 7*w. Suppose 3*s = 2*a + s - 922, -2285 = -5*a - 5*s. Calculate the greatest common factor of a and v.
27
Let b = -3721 - -3753. Calculate the highest common factor of b and 1128.
8
Let y = 89 + -46. Suppose 21*i + 1 = y. Calculate the greatest common factor of i and 22.
2
Suppose 5*f - 4*k = 630, 322*k + 249 = 2*f + 321*k. What is the greatest common factor of 14213 and f?
61
Let c = -21229 + 21985. What is the highest common divisor of c and 6300?
252
Let c = -3718 + 4163. Calculate the highest common factor of c and 267.
89
Let f = 210 + -138. Suppose f = -18*a + 22*a. What is the highest common factor of a and 36?
18
Suppose -2*a - h = -8, 4*h = -10*a + 9*a + 4. Let n be 50*(-2 + 2/2). Let x be (18/(-15))/(3/n). What is the greatest common factor of x and a?
4
Suppose 145 = 5*i + 5*o, -o - 97 = -3*i + o. Let h(d) = d**2 - 2*d - 142. Let y be h(13). What is the highest common divisor of y and i?
1
Let j(u) = u + 50. Let i be j(-22). Let s be (i - -7) + (1 - 0/(-2)). Suppose q + 30 = s. What is the greatest common factor of q and 12?
6
Let f = 33 + -58. Let u = f + 27. Suppose 4*a - 38 = a + u*d, a - 8 = 3*d. What is the highest common divisor of 56 and a?
14
Let o = -25 - -167. Suppose -35*w + o = -33. What is the highest common divisor of w and 2?
1
Suppose -3 = -5*c - q, 2 = -c - q + 1. Let h be (1/(-3))/((-20)/5580). Let p = h + -88. What is the greatest common factor of c and p?
1
Suppose 0 = -342*j - 143049 + 428961. What is the highest common divisor of 304 and j?
76
Let a be 1 + -2 - (-7 + 3 + -79). Let b = a + -59. Suppose -2*m = -292 - 30. What is the greatest common factor of m and b?
23
Suppose -4*t - c = 232 - 567, -5*c = -t + 89. Calculate the greatest common factor of 1104 and t.
12
Let c = 71 - 68. Suppose 2*z - w - 1 = -0, 5*z = c*w. Suppose -n + z*t = t - 128, -t = 4. Calculate the highest common divisor of 15 and n.
15
Let y(q) = -33*q - 16. Let p be y(-5). Let s = p - 121. What is the greatest common factor of s and 112?
28
Let k(o) = o**3 - o**2 + 6*o - 40. Suppose 17*c + 53 = 138. Let x be k(c). Calculate the greatest common factor of x and 150.
30
Let h = -1325889 + 1325967. Suppose 2*i - 24 = -2*i. Calculate the highest common divisor of i and h.
6
Suppose 8*h = 14*h - 1440. Suppose -6*t = 14*t - h. Calculate the greatest common divisor of t and 444.
12
Let o = 560 - 272. Suppose -18*f = -36*f + o. Calculate the highest common divisor of f and 40.
8
Let p = -833 - -1067. Suppose 0 = o + 2*k - 3 + 8, -k = 5. Suppose -o*v + p = -0*q - 4*q, 38 = v - 3*q. Calculate the greatest common divisor of v and 10.
10
Let r(b) = -27 - 7*b + 18 - 31. Let s be r(-6). Let k be 27/s + (-6 - 39/(-6)). Calculate the greatest common factor of 168 and k.
14
Suppose 0 = 3*n - 4*z - 588, -8*n + 5*z = -5*n - 588. Let f = n - 148. Calculate the highest common divisor of f and 1104.
48
Let u(z) = z**2 - z - 62. Let x be (6 - 4)*4/((-8)/(-9)). Let t be u(x). Let y = 5 - -5. Calculate the greatest common factor of t and y.
10
Suppose -9*l + 8*l = -12. Let f be 236/l + 2/6. Let q be (270/7)/(72/336). Calculate the greatest common factor of q and f.
20
Let g be (9/15)/((-6)/(-30)). Suppose k = g*i - 664, 4*i + 12*k = 14*k + 884. What is the greatest common divisor of i and 37?
37
Let n = 221 - 149. Let v = -37306 - -37402. Calculate the highest common factor of v and n.
24
Let k(x) = -5*x - 40. Let u be k(-15). Let h(p) = -4*p + 190. Let c be h(44). What is the greatest common divisor of u and c?
7
Suppose 145 = -2*m + 21. Let t be 4*(-2 + 18/1). Let b = m + t. Calculate the greatest common factor of b and 1.
1
Suppose 0 = 8*p - 2*p - 12. Suppose -9*s = -p*s - 2856. Calculate the highest common divisor of s and 51.
51
Let q = -23076 + 23240. Calculate the highest common divisor of 104 and q.
4
Let s(r) = 3*r**3 - r**2 - 44*r - 104. Let k be s(15). Calculate the highest common factor of 64 and k.
16
Let k(c) = -5*c**2 - 93*c + 23. Let a be k(-18). Let w = a - -99. Calculate the greatest common factor of 16 and w.
16
Let v(s) = 110*s - 30. Let t be v(3). Suppose -t + 972 = 24*d. What is the greatest common factor of 210 and d?
14
Let b(u) = 14*u + 89. Let r(c) = -5*c - 30. Let t(d) = 6*b(d) + 17*r(d). Let h be t(18). Calculate the highest common divisor of 22 and h.
2
Let j = 66 + -62. Suppose 5*d = -2*p + 179, d - p - j*p - 52 = 0. Suppose -3*h + d = 4. Calculate the greatest common divisor of 1 and h.
1
Let h(q) = -q**2 - 42*q - 353. Let r be h(-21). What is the highest common factor of r and 253?
11
Suppose -m + 44 = -3*v + 17, -4*v - 16 = 0. Suppose 0 = -2*w - 10, r - 4*w - 26 = -r. What is the greatest common divisor of r and m?
3
Let x = -101 - -110. Suppose -7*f = -x*f + 30. Suppose -f*r = -21*r + 1008. What is the greatest common divisor of 21 and r?
21
Suppose -83*k = -89*k. Let r(a) = -a**2 + 2*a + 60. Let w be r(k). Calculate the greatest common divisor of 24 and w.
12
Let y = -666 + 81. Let g be ((y/(-10))/9)/((-5)/(-30)). Calculate the highest common fact